{"id":3,"date":"2019-05-18T23:20:50","date_gmt":"2019-05-18T21:20:50","guid":{"rendered":"http:\/\/cgb.metzlers.de\/?page_id=3"},"modified":"2025-09-10T12:33:08","modified_gmt":"2025-09-10T10:33:08","slug":"datenschutzerklaerung","status":"publish","type":"page","link":"https:\/\/gemeinde-breckerfeld.de\/?page_id=3","title":{"rendered":"Datenschutzerkl\u00e4rung"},"content":{"rendered":"\n<p>Verantwortliche Stelle im Sinne der Datenschutzgesetze, insbesondere der EU-Datenschutzgrundverordnung (DSGVO), ist:<\/p>\n\n\n\n<p>Verein f\u00fcr Mission und Diakonie e.V.<br>Windm\u00fchlenstra\u00dfe 17-19<br>58339 Breckerfeld<br><br>Vertreten durch:<br><br>Armin Rahn<br>Duisbergstra\u00dfe 8<br>58339 Breckerfeld<br><br>Kontakt:<br><br>Telefon: 02338 6027600<br>E-Mail: info(at)gemeinde-breckerfeld.de<\/p>\n\n\n\n<div style=\"height:36px\" aria-hidden=\"true\" class=\"wp-block-spacer\"><\/div>\n\n\n\n<p> <\/p>\n\n\n\n<div class=\"wp-block-buttons is-layout-flex wp-block-buttons-is-layout-flex\">\n<div class=\"wp-block-button\"><a class=\"wp-block-button__link wp-element-button\" href=\"https:\/\/gemeinde-breckerfeld.de\/wp\/wp-content\/uploads\/2025\/01\/Datenschutzerklaerung_2024.pdf\" target=\"_blank\" rel=\"noreferrer noopener\">Unsere Datenschutzerkl\u00e4rung<\/a><\/div>\n<\/div>\n\n\n\n<div style=\"height:163px\" aria-hidden=\"true\" class=\"wp-block-spacer\"><\/div>\n\n\n\n<p> <\/p>\n\n\n\n<h3 class=\"wp-block-heading\"><\/h3>\n","protected":false},"excerpt":{"rendered":"<p>Verantwortliche Stelle im Sinne der Datenschutzgesetze, insbesondere der EU-Datenschutzgrundverordnung (DSGVO), ist: Verein f\u00fcr Mission und Diakonie e.V.Windm\u00fchlenstra\u00dfe 17-1958339 Breckerfeld Vertreten durch: Armin RahnDuisbergstra\u00dfe 858339 Breckerfeld Kontakt: Telefon: 02338 6027600E-Mail: info(at)gemeinde-breckerfeld.de<\/p>\n","protected":false},"author":9,"featured_media":0,"parent":0,"menu_order":0,"comment_status":"closed","ping_status":"open","template":"","meta":{"footnotes":""},"class_list":["post-3","page","type-page","status-publish","hentry"],"_links":{"self":[{"href":"https:\/\/gemeinde-breckerfeld.de\/index.php?rest_route=\/wp\/v2\/pages\/3","targetHints":{"allow":["GET"]}}],"collection":[{"href":"https:\/\/gemeinde-breckerfeld.de\/index.php?rest_route=\/wp\/v2\/pages"}],"about":[{"href":"https:\/\/gemeinde-breckerfeld.de\/index.php?rest_route=\/wp\/v2\/types\/page"}],"author":[{"embeddable":true,"href":"https:\/\/gemeinde-breckerfeld.de\/index.php?rest_route=\/wp\/v2\/users\/9"}],"replies":[{"embeddable":true,"href":"https:\/\/gemeinde-breckerfeld.de\/index.php?rest_route=%2Fwp%2Fv2%2Fcomments&post=3"}],"version-history":[{"count":9,"href":"https:\/\/gemeinde-breckerfeld.de\/index.php?rest_route=\/wp\/v2\/pages\/3\/revisions"}],"predecessor-version":[{"id":4494,"href":"https:\/\/gemeinde-breckerfeld.de\/index.php?rest_route=\/wp\/v2\/pages\/3\/revisions\/4494"}],"wp:attachment":[{"href":"https:\/\/gemeinde-breckerfeld.de\/index.php?rest_route=%2Fwp%2Fv2%2Fmedia&parent=3"}],"curies":[{"name":"wp","href":"https:\/\/api.w.org\/{rel}","templated":true}]}}

Datenschutzerklärung

<p>Verantwortliche Stelle im Sinne der Datenschutzgesetze, insbesondere der EU-Datenschutzgrundverordnung (DSGVO), ist:</p>



<p>Verein für Mission und Diakonie e.V.<br>Windmühlenstraße 17-19<br>58339 Breckerfeld<br><br>Vertreten durch:<br><br>Armin Rahn<br>Duisbergstraße 8<br>58339 Breckerfeld<br><br>Kontakt:<br><br>Telefon: 02338 6027600<br>E-Mail: info(at)gemeinde-breckerfeld.de</p>



<div style="height:36px" aria-hidden="true" class="wp-block-spacer"></div>



<p> </p>



<div class="wp-block-buttons is-layout-flex wp-block-buttons-is-layout-flex">
<div class="wp-block-button"><a class="wp-block-button__link wp-element-button" href="https://gemeinde-breckerfeld.de/wp/wp-content/uploads/2025/01/Datenschutzerklaerung_2024.pdf" target="_blank" rel="noreferrer noopener">Unsere Datenschutzerklärung</a></div>
</div>



<div style="height:163px" aria-hidden="true" class="wp-block-spacer"></div>



<p> </p>



<h3 class="wp-block-heading"></h3>

<p>Verantwortliche Stelle im Sinne der Datenschutzgesetze, insbesondere der EU-Datenschutzgrundverordnung (DSGVO), ist: Verein für Mission und Diakonie e.V.Windmühlenstraße 17-1958339 Breckerfeld Vertreten durch: Armin RahnDuisbergstraße 858339 Breckerfeld Kontakt: Telefon: 02338 6027600E-Mail: info(at)gemeinde-breckerfeld.de</p>
